**2 + 7*x + 3 - 3*x**3 + 5*x**3 + 2*x**2 - 6*x**2. Suppose -5*h + s - 16 = 7, 4*h + 5*s = -30. List the prime factors of n(h).
2, 3
Suppose -4*n - o - 13 - 3 = 0, 23 = -5*n - 2*o. List the prime factors of (-2)/10*n + 5908/20.
2, 37
Let o(f) = -f**3 - 3*f**2 - 5*f + 7. Let y = 31 - 36. What are the prime factors of o(y)?
2, 41
Let y(k) = -k**2 + 1 + 2 - 3. Let v be y(0). Suppose 7*c - 8*c + 18 = v. What are the prime factors of c?
2, 3
Let m(t) = t + 4 + 295*t**3 - 8*t**2 - 294*t**3 + 2. Let n(k) = -k + 2. Let f be n(-6). List the prime factors of m(f).
2, 7
Let j(q) = -47*q - 14 + 9*q + 7 + 4. List the prime factors of j(-3).
3, 37
Suppose 647 = 2*z + 21. List the prime factors of z.
313
Let v(k) = k + 1. Let s be v(4). Suppose -99 = -4*b + 3*f, 0*b - s*f = -4*b + 101. Let m = -15 + b. List the prime factors of m.
3
Suppose -57*b - 1274 = -64*b. What are the prime factors of b?
2, 7, 13
What are the prime factors of 30/(-70) - (-50829)/21?
2, 5, 11
Let v = 459 + -356. List the prime factors of v.
103
Let i(m) = -m**2 - 46*m - 20. What are the prime factors of i(-9)?
313
Let n be 8/(-16)*(0 + 0)/2. Suppose -4*f + y + 177 = -n*y, 5*f - 222 = y. What are the prime factors of f?
3, 5
List the prime factors of 7*(7 - 8) + 1572 + 2.
1567
Let n(w) be the first derivative of w**3/3 + w**2/2 + 5*w + 120. Suppose 0 = 3*z - 12 - 6. What are the prime factors of n(z)?
47
Suppose -5*y + 6 = -19. Suppose 3*l - 122 = y*t, 5*l - t - 98 = 120. What are the prime factors of l?
2, 11
Let q(m) = 4*m**3 - 3*m**2 - 2. Let n be q(3). Let b = -33 + n. List the prime factors of b.
2, 23
Let x(a) = a**2 - 11*a + 2. Let r be x(8). Let u = r - -39. List the prime factors of u.
17
Suppose -21 = 5*r - 3*r + 5*h, 2*r + 2*h = -6. Suppose 5 = 2*l - 3*j + 18, r*j = 6. What are the prime factors of 3 + -6 - (-25 + l)?
2, 3
Let v = 20 + -18. Suppose 3*z + 137 = 4*z + 4*j, -v*z - 2*j = -298. List the prime factors of z.
3, 17
Let f(g) = -17*g + 3. Let l = -21 - -25. Let s be f(l). What are the prime factors of (-2545)/s + 2/(-13)?
3, 13
Let x(a) = 247*a**3 + a - 2. Let h be x(1). Let v = h + -130. Suppose -8*y = -4*y - v. What are the prime factors of y?
29
Let f be (-264)/(-2)*(-104)/(-78). Let r = -105 + f. What are the prime factors of r?
71
Suppose -3*z = -b + 2482, 2*b + 2*b + z = 9967. What are the prime factors of b?
47, 53
Suppose 4*n = 2*n + 890. What are the prime factors of n?
5, 89
List the prime factors of (-820 + (-2 - 2))/(-2).
2, 103
Let x(q) = -4*q**3 - 30*q**2 - 21*q + 8. What are the prime factors of x(-9)?
683
Let b(n) = -2*n**3 + 10*n + 5. What are the prime factors of b(-5)?
5, 41
Suppose 0*a + 5*a + 10 = 0. List the prime factors of a*(-26)/2 + 4.
2, 3, 5
Let n = -1044 + 2406. List the prime factors of n.
2, 3, 227
Suppose -10*b = 31*b - 97498. List the prime factors of b.
2, 29, 41
Let g = -2 + -5. Let i be (-72)/48*(-8)/6 + -75. Let h = g - i. What are the prime factors of h?
2, 3, 11
Let i = -376 - -672. What are the prime factors of i/(-6)*(-3)/2?
2, 37
Let u = -251 + 569. What are the prime factors of u?
2, 3, 53
What are the prime factors of (2385 + 1)/(-71 + 73)?
1193
Let o(p) be the third derivative of -p**4/8 - p**3 - 2*p**2. Let v be o(-4). Suppose 0 = v*z - 51 - 87. What are the prime factors of z?
23
Let l be 17/2 - (-2)/(-4). Let g(d) = d**3 - 16*d**2 - d + 15. Let k be g(16). What are the prime factors of k*9/(-3) + l?
11
Suppose 3*x - 328 = 782. What are the prime factors of x/6 + 1/3?
2, 31
Suppose 2*a - 5586 + 803 = -3*b, 0 = -3*a - 3. What are the prime factors of b?
5, 11, 29
Let o = -120 - -123. Suppose 0*v = -o*v + 696. What are the prime factors of v?
2, 29
Let q(f) = -f**2 + 3. Let i be q(0). Suppose 2*p - i*u = 4*p - 207, -4*p + 408 = 4*u. Suppose 0 = 5*b - 86 - p. List the prime factors of b.
37
Let f be 58/((-2)/((-8)/2)). Suppose -5*x + 5*k = -330, f = -3*x - 2*k + 299. What are the prime factors of x?
3, 7
Let d = 1 + -2. Let f be (d + -1 + 2)/(-2). Suppose f = 3*n - 0*n - 36. List the prime factors of n.
2, 3
Let i(j) = -j**2 + 5*j + 4. Let s be i(5). Suppose -8 = -s*g - f, 0*g + 4*g - 5*f = 8. What are the prime factors of g?
2
Let a = 0 - -4. Let b(q) = 2*q**3 + q. Let t be b(2). Suppose a*v = t + 46. What are the prime factors of v?
2
Let i be (11/(-2) - -3)/((-2)/4). Suppose -i*d + c + 1114 = 4*c, 0 = 3*d - 5*c - 682. List the prime factors of d.
2, 7
Let q(t) = 15*t**3 - 36*t**2 - 27*t - 1. Let l(d) = -7*d**3 + 18*d**2 + 14*d. Let f(i) = 13*l(i) + 6*q(i). What are the prime factors of f(19)?
13
Let x(l) be the first derivative of -21*l**5/20 + l**3/6 - 5*l + 4. Let f(y) be the first derivative of x(y). List the prime factors of f(-1).
2, 5
Let f(h) = 1631*h - 326. List the prime factors of f(2).
2, 367
Suppose 0 = -2*q + 6, 600 - 125 = -4*w + 5*q. Let r = -64 - w. Suppose -h - 3*x = -36, 5*h + 5*x - 191 = -r. List the prime factors of h.
2, 3
List the prime factors of -2*(1*(-227)/2 - -5).
7, 31
Let d(x) = -x + 19. Let n be d(14). Let g be (367 + -1)/(n + -4). Suppose -2*v + g = 4*v. What are the prime factors of v?
61
Let h be (-1)/((-48)/15 + 3). Suppose 419 = h*b - 2*o, -5*b + 140 + 267 = 4*o. List the prime factors of b.
83
Suppose 3*s - g = -2*s + 6202, 2472 = 2*s + 4*g. Suppose -4*k + 2*r + 0*r + s = 0, -4*k + 1236 = -r. What are the prime factors of -2*(k/(-8))/7?
11
Suppose -4 = b - 1, 4*b + 10 = d. Let x(s) = 5*s**3 - 2*s**2 + 3*s + 3. Let n be x(d). Let z = -20 - n. List the prime factors of z.
31
Suppose 0 = -14*b + 1556 + 13060. List the prime factors of b.
2, 3, 29
Suppose -5*j - b = -3303, j - 4*b + 1314 = 3*j. What are the prime factors of j?
661
Suppose -5*z - 18 + 28 = 0. Suppose -3*a + 23 = z*r, -5*r + 82 - 14 = -3*a. List the prime factors of r.
13
Suppose 4*v - 4*n - n = -30, 4*v + 28 = 4*n. What are the prime factors of -1 + (-4)/v + 12339/45?
2, 137
Suppose 4*l - 1535 = 1037. Suppose 5*p - 387 - l = 0. List the prime factors of p.
2, 103
Let q(g) = -g**3 - g**2 - 6*g + 5. Let r be q(-6). Let d = -144 + r. What are the prime factors of d?
7, 11
Suppose 34*q - 33*q - 125 = 0. Suppose 6*h - 493 - q = 0. What are the prime factors of h?
103
Suppose 2*y + 2 = 6. Suppose y*b - 2 = -d - 9, 0 = -b - 5. Suppose -x + c = -0 - 4, 14 = d*x - c. List the prime factors of x.
5
Suppose 4*x + 0 + 4 = 0, -t - 5*x + 1013 = 0. What are the prime factors of t?
2, 509
List the prime factors of ((-32)/6)/((-9)/1863).
2, 3, 23
Suppose -16*k + 17*k + 11 = 0. List the prime factors of 4 - (k - (4 + -4)).
3, 5
Let m = 154 + -79. List the prime factors of m.
3, 5
Let x(l) = 3*l**2 + 13*l - 7. Let i be x(-5). Let t(y) = -3*y + y + i - y + 24*y**2 - 1. List the prime factors of t(1).
23
Let r = 2 - 0. Suppose r*m = 2 + 6. Suppose -60 = -9*j + m*j. List the prime factors of j.
2, 3
Let a(w) = w**3 - 5*w**2 + 3. Let q be a(5). Let y be 37 + 1 + 0 + q. Let j = -27 + y. List the prime factors of j.
2, 7
Let o = 17 - 12. Let i(u) = 3*u - 18 + 2*u + 0*u + 11 + u**2. List the prime factors of i(o).
43
Let d(k) = 2*k**3 - 11*k**2 + k + 7. Let l(v) = 4*v**3 - 22*v**2 + v + 14. Let m(t) = 9*d(t) - 4*l(t). What are the prime factors of m(6)?
73
What are the prime factors of 84410/138 + -2*2/(-12)?
2, 3, 17
Let y = 660 + -363. What are the prime factors of y?
3, 11
Let c(g) = -g**3 - 5*g**2 + 3. Let s be c(-5). Suppose -5*y - 3*q = -348 + 71, 4*y + s*q - 224 = 0. List the prime factors of y.
53
Suppose -5*q + 43*k - 45*k = -8257, 0 = k + 4. List the prime factors of q.
3, 19, 29
Let b = -3 - -6. Suppose 2*q - b*q + 2 = 0. Suppose -4*x + 2*l = -100, 2*x - 80 = -q*x - 3*l. List the prime factors of x.
23
Let i be 1/(-1 - 8/(-6)). Suppose 0 = -3*y + 3*t + 93, -t = i*y + t - 83. List the prime factors of y.
29
Suppose -2*i - 26 = a + 12, -183 = 5*a + 3*i. Let x = a - -36. What are the prime factors of -1 + x + (6 - -6)?
11
Let q be (-24)/9*15/(-20). Suppose 4*h = -12, -3*d + q*h - 24 = 4*h. What are the prime factors of d/9 - (-172)/6?
2, 7
Let k = 10 + -3. Suppose 187 = -k*g - 1626. What are the prime factors of (-8)/48 - g/6?
43
Let h(t) = 20*t**2 + 5*t - 21. List the prime factors of h(9).
2, 3, 137
Suppose -66*l = -42*l - 33864. What are the prime factors of l?
17, 83
Let l be (-116)/(-30) + 14/105. What are the prime factors of (-3)/36